) = -y**3 - y + 15. What is the remainder when u is divided by c(0)?
13
Let u(y) = -y**2 - 7*y + 336. What is the remainder when u(-19) is divided by 22?
20
Suppose -9*w + 122*w = 10170. Calculate the remainder when 3059 is divided by w.
89
Suppose -2*p + 3*m = 4197, 0 = 2*p - 2*m + 5950 - 1752. Let j be p/(-55) - 6/33. Let b = 16 + j. Calculate the remainder when b is divided by 28.
26
Let j = -193 - -44. Let q = j - -326. What is the remainder when q is divided by 9?
6
Let r = 36 + -34. Suppose -2*w - 3*y = -8*y + 20, w + r*y - 8 = 0. Let n = w - -11. What is the remainder when 54 is divided by n?
10
Let i = -153 + 153. Suppose -l - m = -48 - i, m + 197 = 4*l. What is the remainder when l is divided by 21*((-1)/7 - -1)?
13
Let x be 1040/112 + (-4)/14. Suppose 2*t = -1 + x. Suppose 2*k = -2*m + 6*m - 192, -t*k = -m + 55. Calculate the remainder when m is divided by 16.
15
Let t = -42 + 45. Suppose -4*z + 0*z = 2*u - 10, 0 = t*z + 5*u + 10. Suppose p - w - 20 = -3, -w + 97 = z*p. What is the remainder when p is divided by 3?
1
Let o(v) = 10*v**3 + 11*v**2 - 10*v - 14. What is the remainder when o(4) is divided by 59?
54
Calculate the remainder when 17 - (-17 - -4 - 1917) is divided by 16.
11
Let r = -18229 - -19048. What is the remainder when r is divided by 164?
163
Let j(p) be the third derivative of -p**4/6 + 13*p**3/2 - 9*p**2. Let v be j(9). Let d = v + 31. What is the remainder when 133 is divided by d?
31
Let p(i) = 7*i**2 + 7*i - 2. Suppose 18*c + 0 = 18. What is the remainder when (415/10)/(1/2) is divided by p(c)?
11
Let o(c) = 2*c**3 + 8*c**2 - 79*c + 11. Let r(g) = g**2 - 16*g - 39. What is the remainder when o(-8) is divided by r(-5)?
65
Let u = 38 - 34. Let o(w) = -5 - u*w - 10 + 6 - 7*w. What is the remainder when 69 is divided by o(-3)?
21
Suppose 2*h + 3276 = -19*h. Let d = 161 + h. Calculate the remainder when 62 is divided by d.
2
Let r(c) = 35*c**2 + 3*c. What is the remainder when r(-2) is divided by ((-26)/(-13) - 5)/((-5)/75)?
44
Calculate the remainder when 986 is divided by 24 - ((-6)/10)/(96/(-480)).
20
Suppose -5*i + 3*n = -47, 0*i + 4*i + n = 24. Suppose 2*w - 31 = i. What is the remainder when 280 is divided by w?
14
Let u(x) = x**3 + 30*x**2 - 4*x + 100. Calculate the remainder when 450 is divided by u(-30).
10
Suppose 5*x = 4*c + 11705, -4*c + 6991 = -107*x + 110*x. Calculate the remainder when x is divided by 26.
23
Let m(r) = 12*r - 100. Suppose -3*h - 4 + 37 = 4*o, 0 = -3*h - 15. Calculate the remainder when 166 is divided by m(o).
34
Let y = -68 + 84. What is the remainder when (-2)/12 + 5 + 3610/60 is divided by y?
1
Suppose 0*j = -5*v + 2*j + 20, 4*j = -2*v - 16. Let s(r) = -12*r + 32. What is the remainder when (-4)/6 + 1136/12 is divided by s(v)?
6
Let f = -263 - -254. Let x(w) = w**3 - 2*w - 12 + 10*w**2 - 3 - w**2. What is the remainder when 8 is divided by x(f)?
2
Let w = 279 - 500. Let x = -56 - w. Suppose 28 = 3*l - h - x, 5*l - 325 = 5*h. What is the remainder when l is divided by 22?
20
Let g(k) = -50*k - 52. Let w be g(-8). Suppose -380*c + 376*c + w = 0. What is the remainder when c is divided by 31?
25
Let t(k) = 287*k + 1157. What is the remainder when 624 is divided by t(-4)?
3
Let y = -4837 + 8396. What is the remainder when y is divided by 115?
109
Suppose o = 3*q + 12, -20 = -5*q - 0*q. What is the remainder when (10 + (-138)/14 - 234/(-28))*14 is divided by o?
23
Suppose -5*g = -5*x - 140, 3*g = -2*x + 4*x + 82. What is the remainder when (-2*(-18)/20)/(g/780) is divided by 15?
9
Let p(j) = -21*j - 1. Let n(m) = -11*m - 225. Let z be n(-29). Suppose -92*v = -z*v + 322. Calculate the remainder when v is divided by p(-2).
38
Suppose 0 = -3*k + 2*c - 146, -16*k + 3*c = -11*k + 244. Let q(i) = -i**2 - 48*i + 133. What is the remainder when 197 is divided by q(k)?
32
Let g be ((-35)/15 - -3)*-9. What is the remainder when 19/57 - 454/g is divided by 13?
11
Suppose 134 - 39 = 5*f. Let w(l) = -41*l + 8. Let t(g) = 2. Let i(h) = t(h) - w(h). What is the remainder when i(1) is divided by f?
16
Suppose 3*m = 2*m + 3. Suppose -3 = -3*z + m*o, 4*z = -z + 4*o + 9. Suppose -z*w + 3*w = 2, 3*w + 53 = 5*p. Calculate the remainder when 16 is divided by p.
6
Let t = -641 + 771. What is the remainder when t is divided by 58?
14
Let w(s) = -3*s - s - 25 + 6*s. Let i be w(8). Let h = 6 - i. Calculate the remainder when 57 is divided by h.
12
Suppose -2774 = -329*n + 256*n. What is the remainder when n is divided by 94/8 - (-1)/4?
2
Suppose -362 = -44*t + 167 + 307. Calculate the remainder when t is divided by 18.
1
Suppose 0 = -2*m + 9*s + 64, -12*s + 15*s = -4*m + 170. What is the remainder when 408 is divided by m?
39
Let s(y) = -10*y**3 - 549*y**2 + 48*y - 122. What is the remainder when 1537 is divided by s(-55)?
222
Suppose 550 = 4*i - 1514. What is the remainder when i is divided by 3158364/48564 + 4/(-114)?
61
Let i = -461 - -673. Let u = i + -195. Calculate the remainder when u is divided by 10.
7
Let u(h) be the second derivative of 16*h**5/5 + h**4/12 - h**3/3 + h**2 - 50*h. Calculate the remainder when 129 is divided by u(1).
64
Let a(q) = 2*q**2 - 17. What is the remainder when ((-6)/(18/(-5)))/(3/171) is divided by a(-5)?
29
Let l be 3*32/6 - -3. Suppose 16*h + 60 = l*h. Calculate the remainder when 10 + (-96)/((-20)/5) is divided by h.
14
Suppose 167*q + 345 - 26731 = 0. Let d(l) = 2*l**2 + 9*l + 5. What is the remainder when q is divided by d(-6)?
20
Suppose 4*l - 539 - 747 = 2*f, 0 = -2*l + 5*f + 623. Let y = -292 + l. Calculate the remainder when 117 is divided by y.
21
Suppose 0 + 15 = 3*m. Suppose -139 = -m*r - 29. Suppose 3*t + t - 168 = -4*s, -5*t + r = s. Calculate the remainder when s is divided by 10.
7
Let o(u) = u**3 + 4*u**2 - 3. Let i = -11 + 8. What is the remainder when o(i) is divided by -406 + 387 + (-1 - -23)?
0
Let i(s) = 5*s**2 - 181*s + 848. Calculate the remainder when 511 is divided by i(5).
35
Let d(t) = t**3 + t + 253. Suppose 4497 - 950 = 382*r - 2947. Calculate the remainder when d(0) is divided by r.
15
Suppose 2*r = a + 43, 63 = 2*r - 82*a + 85*a. What is the remainder when 1319 is divided by r?
23
Suppose 0 = -a + 44*t - 49*t + 40, a - 58 = t. Calculate the remainder when a is divided by 20.
15
Suppose -c = 5*f - 88, -407 = -6*c + 3*f + 319. What is the remainder when 236 is divided by c?
0
Let m = -7277 + 8124. What is the remainder when 1713 is divided by m?
19
What is the remainder when 175/1 - 4/(-2) is divided by 13 + (4 + -3)/((-16)/(-32))?
12
Suppose -4*c - 4*i = -i - 52, 4*i - 6 = c. Suppose -84*t + 88*t = -5*l + 20, -4*t = 4*l - 16. What is the remainder when c is divided by l?
2
Let m = 589 - 373. Let r = -203 + m. Calculate the remainder when 78 is divided by r.
0
Suppose 0 = -g - p + 66, 3*g + p - 193 = -p. What is the remainder when 153 is divided by g?
31
Suppose 5*a + 744 = 16*a - 3*a. Calculate the remainder when 277 is divided by a.
91
Let q(b) = b**2 + 6*b + 6. Let s be q(-5). Let c = -116 - -120. Suppose c*n + s - 29 = 0. Calculate the remainder when 68 is divided by n.
5
Suppose -b - 4*z = 9, 154 - 138 = -2*z. What is the remainder when (-15)/(-2)*(-96)/(-5) is divided by b?
6
Suppose -82*b - 520 = -92*b. Suppose 936 = -13*o + b*o. What is the remainder when 67 is divided by o?
19
Let p(r) = r**3 + 24*r**2 + 45*r + 23. Suppose 12*i = 14*i + 90. What is the remainder when 27/i + 8/5 is divided by p(-22)?
0
Let x = -70 + 75. Suppose -160 = -4*z + x*s, 0 = -3*z + 3*s + 180 - 57. What is the remainder when 88 is divided by z?
43
Suppose 0 = 2*c + b - 6 - 1, 3*b = -4*c + 17. Suppose -5*n - 26 = -z + 6, -z + c*n + 26 = 0. What is the remainder when 16 is divided by z/(-2)*(3 + -3 + -1)?
5
Let z = 330 - 712. Let o = 752 + z. What is the remainder when o is divided by 34?
30
What is the remainder when 52355/148 + 18/(-24) is divided by 106?
35
Let z = 3631 + -3554. Calculate the remainder when 460 is divided by z.
75
What is the remainder when ((-374)/(-22) + 3468)/5 is divided by 5?
2
Suppose -1072 = -142*d + 75*d. Calculate the remainder when 602 is divided by d.
10
Suppose y - m - 6 = 0, 0 = -y - 8*m + 6*m - 3. What is the remainder when (26 - (y + -2)) + -1 is divided by 10?
4
Let s(a) = -80*a - 1739. Calculate the remainder when s(-36) is divid